 - -12) + (5 - 1).
1
-1 - ((2 + 1 - 3) + 1)
-2
Calculate (-3 + -5 - -4) + (2 - 2).
-4
Evaluate 11 + -10 - (2 - 1) - 5.
-5
What is 10 - (15 + -8) - (6 - 1)?
-2
What is (9 - 12) + 7 + -1?
3
What is the value of 1 - (8 + 2 + -5)?
-4
What is the value of 17 + -4 + (2 - -1 - 6)?
10
Calculate 0 + (-6 - (-5 - -2)).
-3
-1 + -2 - (33 - 36)
0
What is (1 - (-1 - -3 - -1)) + -4?
-6
What is the value of 2 - (-4 + 12 + -3)?
-3
Calculate 0 - 5 - (-2 + -1).
-2
Evaluate 5 + 2 + 1 + -1.
7
What is -9 - (-10 - 4 - -10)?
-5
Evaluate (1 + 0 - -1) + -5 + 6.
3
(8 - 20) + (0 - (-1 + -3))
-8
Evaluate 11 - 9 - (6 - 3).
-1
Calculate 1 + 3 + (-3 - (-2 + -3)).
6
Calculate 3 - (8 + -8 + 1).
2
What is -1 + 13 - (24 - 19)?
7
Calculate -7 - -3 - (-8 - -9).
-5
What is the value of 2 + 2 + (10 - 11)?
3
Calculate -7 - ((-7 - -5) + -2).
-3
Calculate (-3 - -10) + (-3 - 1).
3
Calculate -6 - 1 - 1 - -8.
0
Evaluate 9 + -13 + 8 - (0 - 1).
5
(2 - (1 - 2) - -6) + -5
4
-1 + -2 + (4 - -1 - 3)
-1
Evaluate (2 - (11 - 4)) + 3.
-2
Calculate (-2 - -1) + 8 + -6.
1
(1 - 1 - (12 + -11)) + 5
4
What is the value of 1 - 6 - (24 - 35)?
6
Evaluate (-10 - -5) + 8 + -6.
-3
Evaluate (-8 + 8 - (1 + -3)) + 0.
2
Evaluate -6 + 9 - (4 - (6 - 8)).
-3
2 + 5 + (-9 + 2 - -6)
6
Evaluate 0 + 7 + (-4 + 3 - 2).
4
What is the value of -4 + 3 + -3 + 2?
-2
Calculate (-5 - -3) + (-8 - -10).
0
What is the value of -1 - -1 - (4 - -2 - 10)?
4
What is the value of 0 - 2 - (-72 - -62)?
8
What is the value of (54 - 41) + -15 + -3?
-5
2 + (5 - 9) + -2
-4
-4 - 0 - -6 - 1 - -3
4
What is (-4 - (0 - -1)) + 230 + -227?
-2
What is the value of (10 - 7 - 10) + (1 - -13)?
7
-2 - (-17 + 15 - (2 - 1))
1
What is the value of 4 + (1 - -4 - 5)?
4
4 + 6 + -28 + 6 + 6
-6
3 - 1 - (33 + -30)
-1
What is the value of -2 + (10 + -1 - (13 - 9))?
3
Evaluate (-2 - (-7 - -6)) + 1 - -3.
3
Calculate 2 + (5 - -2 - 8).
1
What is (29 - 27 - (4 + -1)) + 6?
5
-20 - -18 - ((-2 - 3) + -1)
4
Calculate 6 - (6 + -4 + 3 + 0).
1
Calculate 0 + 1 - (-61 - -69).
-7
What is -7 + 4 - (-15 - -12)?
0
Evaluate 2 + -2 + -10 + -4 + 10.
-4
What is the value of 5 + -4 + 4 + -1?
4
Calculate 3 - (3 + 1 + (13 - 16)).
2
-6 + (18 - (14 + 2 + -9))
5
What is the value of -27 - (13 + -23) - -12?
-5
Evaluate -3 + (5 - 3) + 1.
0
What is the value of (-8 - -1) + 9 + -5?
-3
What is -2 + -3 + (-2 - -3 - -3)?
-1
What is the value of 7 - 4 - 5 - -4?
2
What is 3 + 1 - (-1 + (9 - -4))?
-8
Evaluate (-3 - (0 - 2)) + (1 - 5).
-5
What is (2 - -1) + -39 + 37?
1
What is the value of -9 + 1 + (-38 - -42)?
-4
What is -12 + (9 - 2) - -6?
1
What is the value of -6 - -5 - -1 - 1?
-1
What is 1 - (3 + -4) - 3?
-1
What is the value of -4 + (-5 - 3) + 16?
4
7 + -8 + 1 + (0 - -1)
1
Evaluate -10 - (2 + -8 + 9 + -9).
-4
What is the value of 9 - (-9 + 9) - 3?
6
Evaluate 10 + 1 + 3 + -17 + 8.
5
5 + 9 + -4 + -5
5
Evaluate -3 + (-3 + 1 - (8 - 13)).
0
What is 7 + (2 - 5) + -7?
-3
What is the value of -2 + 0 - (3 + -20 + 10)?
5
Calculate 1 + -3 + (4 - 2).
0
-5 + (2 - 4) + -2 - -4
-5
Evaluate 5 - (4 + -3) - 8.
-4
Calculate -2 + (5 - 7) - -5.
1
What is 9 - -2 - (54 - 49)?
6
Evaluate 1 + 2 - (0 - (5 + -6)).
2
Evaluate 8 + 2 + (0 - 9).
1
What is the value of -4 - -1 - (52 - 57)?
2
What is the value of 0 - (-9 + 3) - 7?
-1
What is 7 - (0 + 1) - 6?
0
What is the value of -1 - -7 - (-51 + 62)?
-5
Calculate -6 + -4 + (9 - 1) + 0.
-2
What is 0 + -6 + 2 + 0?
-4
Evaluate -4 + 5 + -5 - (-1 - 0).
-3
Evaluate (18 + -14 - (5 - 2)) + -6.
-5
Evaluate -4 - (4 - 6) - -3.
1
Calculate (-4 - -3 - 1 - 0) + 0.
-2
(3 - (-4 - -7)) + 0 + -1
-1
Calculate 4 - (-5 + (-4 - -17)).
-4
What is the value of -5 - 9 - -9 - -1?
-4
What is the value of -8 + -1 + 7 - (0 - -5)?
-7
What is -95 - -86 - (-10 - 0)?
1
Evaluate 1 + -3 + -3 + 4.
-1
(1 - 3 - -7) + -4
1
Calculate 1 + -6 + (-5 - -5).
-5
Calculate -1 + -2 + 0 + 12 + -5.
4
Calculate 8 + ((-1 - 0) + -1 - 2).
4
What is the value of -7 - (0 - 6) - 0?
-1
Calculate 4 - (2 - (-4 - -4 - -1)).
3
What is the value of 4 - (-5 - (6 - 17))?
-2
What is -1 + 3 + 16 + -17?
1
What is the value of 1 + 0 + (0 - (5 - 8))?
4
What is the value of 1 + -5 - (3 + -7 - -2)?
-2
Evaluate 29 + -23 - (-2 + 2).
6
Evaluate 10 - 5 - -2 - (-2 + 6).
3
Evaluate 9 + (-5 - 1) - -1.
4
Calculate 3 + (2 - 14 - -4).
-5
Calculate (-4 - -9) + (-4 - -2).
3
8 + (-8 - 2) - (2 - 1)
-3
What is 7 - (2 - 1) - (-7 + 11)?
2
3 + -3 - 8 - -8
0
Calculate 0 + 2 + -6 + 8.
4
3 + -2 - 8 - (-97 + 94)
-4
Calculate -6 + 6 + 1 + -6 + 1.
-4
Calculate 2 + (4 - (-3 - -4)) + -9.
-4
1 + -2 + -8 + 10
1
What is -5 - (2 - 5) - (-6 - 0)?
4
Evaluate -3 + -4 - -3 - -7.
3
Calculate 8 + -9 + 6 + -10.
-5
-1 + 0 + 6 + -12 + -1
-8
What is -11 + 13 + (1 - 0)?
3
Evaluate -5 + 6 - (-1 + -3).
5
Calculate 11 - ((20 - 10) + -3).
4
-8 + 0 - -14 - (-1 + 5)
2
Calculate 2 - 0 - (3 - -1).
-2
Calculate -5 + (4 - -1) + -4.
-4
Calculate -8 + -1 + 6 + 2.
-1
7 + -8 + 10 + -7 + 2
4
Evaluate 4 + -3 - 2 - -8.
7
Evaluate -11 + -5 + (10 - 1).
-7
What is the value of -12 + 4 + 16 - 4?
4
What is 0 - (-3 + 5 - -3)?
-5
4 - (-2 + (-3 - -1) + 4)
4
Calculate (3 - -8) + (-3 - 15).
-7
Evaluate (-1 - (6 - 7)) + -2.
-2
What is 4 - ((6 - 3) + 0)?
1
Evaluate (-2 - (5 + -9)) + -5 + 7.
4
-11 - (-1 + -1 + -4)
-5
(-5 - -5) + 2 + 1
3
What is the value of 2 + -6 + 0 + (-1 - 0)?
-5
8 + (0 - 17) + 4
-5
What is the value of -5 + (13 + -3 - 6)?
-1
Evaluate (7 - 3) + -2 + 3.
5
What is the value of -64 - -69 - (1 + -1 - -12)?
-7
Calculate -2 + -3 + 16 + -10.
1
-4 - 0 - (1 - (1 - 1))
-5
Evaluate -6 + 10 + (-9 - -1 - -2).
-2
Evaluate 7 - (-1 + 3 + 4).
1
Calculate 14 - (14 + -2) - 1.
1
Evaluate -12 - -1 - -6 - (-1 - 0).
-4
What is the value of (1 + -2 - (-23 - -21)) + 1?
2
-4 + (0 - 3) + 2
-5
Evaluate (-3 - 4 - -7) + 2 + -7.
-5
Evaluate (-23 - -23) + 0 + -2.
-2
Calculate -7 + (-7 - -17 - 5).
-2
1 - 5 - (-2 - (0 - -4))
2
Calculate 79 + -77 - (-2 - 0).
4
What is the value of -2 + (-1 - (-4 + 0)) + 4?
5
Evaluate -4 + (14 - 5 - 4) - -3.
4
What is (-5 - -4) + -3 - (-1 - -1)?
-4
1 - 2 - (-20 + 24) - -7
2
Evaluate 5 + (0 - (-7 + 8 + -3)).
7
Calculate (5 + -1 - 2) + -5.
-3
What is the value of (8 - (7 - -8)) + 8?
1
(4 - 1) + (-25 - -21)
-1
What is 2 + 11 + 90 + -96?
7
What is the value of 0 - 3 - (4 + 0 - 2)?
-5
(3 - 2) + (-2 - 2) - 2
-5
Evaluate -19 + 6 + 13 - -8.
8
-7 + -7 + (9 - -9)
4
What is the value of (0 - -1) + -2 - (-19 + 13)?
5
-5 + 0 - (0 - 9 - 1)
5
Evaluate (7 - 0) + 7 + -9.
5
Evaluate 1 - -2 - (19 + -11).
-5
(5 + 0 - 13) + 3
-5
What is the value of (-5 - -3 - -4) + (-14 - -13)?
1
-2 + 2 - (5 + -1)
-4
0 - (5 - 5 - 0) - -2
2
Calculate (14 - 14) + (-2 - 1).
-3
Evaluate -1 + -4 + -1 + 2.
-4
Calculate -8 - -6 - (1 - 1 - 4).
2
-2 + 1 - (4 - 1)
-4
What is 3 + -4 + (-1 - -1)?
-1
Calculate (-1 - 0) + -11 + 3 + 4.
-5
84 + -70 - (-1 + 10)
5
What is the value of (-1 - (-3 - -4)) + 1?
-1
Calculate -30 - -24 - (2 + -3).
-5
-1 - (1 - 1 - -2) - 2
-5
What is 11 - (-15 + 23) - (3 + 1)?
-1
0 + (-3 + 0 - (2 + -3))
-2
Evaluate 19 + 1 + (-4 - 7).
9
Calculate -9 + 25 - 5 - 7.
4
What is the value of 3 - (0 - (9 - 4) - -6)?
2
What is the value of 1 - 0 - (1 - (1 - 1))?
0
Calculate 2 + -4 + 0 + (-3 - -4).
-1
-12 + 6 + -3 + -5 + 7
-7
Evaluate (2 - (0 + 0)) + -9 + 3.
-4
Calculate -8 - -7 - 7 - -11.
3
What is -26 - -28 - (-2 - -1)?
3
What is 2 + 4 + (-8 - -5)?
3
-1 - (1 + -1) - (69 - 72)
2
What is -10 - (-7 + 0) - -12?
9
-3 + (-6 - -6) + 3
0
-3 - (-1 - (-8 - -1)) - -5
-4
What is -5 + 4 + 3 - 0?
2
What is 9 - (8 + -1 + 10)?
-8
4 + -1 + (-6 - -1) + -1
-3
What is the value of -4 + -1 + -1 + 8?
2
Calculate (6 - 8 - -2) + 2 + 1.
3
What is the value of -2 + (4 - 1 - 1) - 4?
-4
What is the value of 0 - -4 - (26 + -21)?
-1
Calculate -6 + (1 - -5) - -3 - 8.
-5
Calculate 3 - -2 - 2 - (2 + -2).
3
What is -5 + (-9 + 4 - -5)?
-5
Calculate (-4 + 1 - (-15 - -4)) + -2.
6
Evaluate 3 + -1 + (17 - 17).
2
Evaluate -2 + (-4 - 1) + 9.
2
Evaluate -5 - (-2 + 7 + -7 + -3).
0
-12 - (6 + -12) - -10 - 9
-5
Evaluate -2 + -1 - (3 - (3 + 2)).
-1
What is the value of 2 + -5 - -3 - 2?
-2
Calculate 37 + -29 + (-13 - 0).
-5
What is (-1 - -3) + 0 + (1 - 1)?
2
What is -3 + (-2 - -10) - (2 - 0)?
3
Evaluate -4 + -9 + 20 + -1.
6
Evaluate (-2 - (-5 - -2)) + 3 + 1.
5
Calculate (-4 + 3 - -2) + -3.
-2
Calculate (-1 - -7) + (-11 - 0) + 5.
0
Evaluate -3 - (-10 - (6 + -10)).
3
What is -9 - (-2